hird derivative of 7/6*b**3 + 1/24*b**4 + 0*b - 3*b**2 + 0. Calculate n(h).
13
Let t(w) = 2*w + 5. Let n be 3/3 + -3 + (9 - 6). Suppose -2*a = -q + 11, -2*a = 3*q - 2*q + n. Give t(a).
-1
Let d(m) = 3*m + 17. Let h = 213 + -150. Suppose -6*o = -h + 105. Determine d(o).
-4
Let s(r) = -538*r + 8. Let w(t) = -92*t + 2. Let o(k) = -s(k) + 6*w(k). Determine o(-4).
60
Let g(m) = 24*m + 889. Let t(v) = 4*v**3 - 42*v**2 - 82*v - 1. Let n be t(-2). What is g(n)?
1
Let q(p) be the second derivative of -7*p**3/2 - p**2 - 561*p. What is q(-1)?
19
Let h(z) = -z**3 + 9*z**2 - 4. Let p(q) = 4*q**3 - 12*q**2 + 6*q + 20. Let j be p(7). Suppose -j + 945 = 11*v. Give h(v).
-4
Let k(w) be the third derivative of 13*w**4/24 + 33*w**3/2 + 17*w**2 + 277*w. Determine k(-9).
-18
Let u be (3 - 4)*(-3 + 1). Let k be (2 - (u - -1))/(5/(-45)). Suppose -k*m + 15*m - 36 = 0. Let z(a) = -6*a + 5. Determine z(m).
-31
Let x(v) = v + 3. Let s(b) be the third derivative of -b**6/120 + b**5/10 - 11*b**4/24 + 3*b**3/2 + 66*b**2 - 1. Let z be s(4). Give x(z).
0
Let c(o) = 12 - 7970*o + 7969*o - 16. Give c(4).
-8
Let j be (0 + -8)/((-428)/321). Let d be 4/18 - 70/(-9). Let r(f) = 6 - 9 - f**2 + d*f - 3*f. Determine r(j).
-9
Let t = -1854 - -1874. Let l(q) = 8*q - 160. Give l(t).
0
Let q(t) = -t**2 - 3*t + 2. Let r(k) = k**2 + 15*k - 8. Let y be r(-11). Suppose 4*p + 94 = 6*p. Let g = y + p. Calculate q(g).
-8
Let z = -48 - -52. Let l(q) = -q + 369 - z*q - 366 + 4*q. Give l(-11).
14
Let d(z) be the second derivative of -z**3/6 + 2*z**2 - z. Let a(w) = -w**3 + 14*w**2 - w + 9. Suppose -105 - 119 = -16*f. Let m be a(f). Determine d(m).
9
Let i(z) = 781*z - 2335. Let g be i(3). Let o(x) = -6*x**2 + 45*x + 2. What is o(g)?
-22
Let m be (-2)/(-3) + 4098/9. Let g = m - 447. Let b(y) = -y**2 + 8*y + 9. Determine b(g).
0
Let q(o) = -o**2 + o. Let v be -2*2/14 + 188/(-28). Let p = 10 + v. Suppose p*g + 0 = 6. Determine q(g).
-2
Let p(j) = -14*j**3 + 27*j**2 + 56*j + 24. Let n(a) = 3 - 2 - 17 + 10 - 7*a**2 - 14*a + 3*a**3. Let m(r) = -9*n(r) - 2*p(r). What is m(-7)?
6
Let w(j) = -219*j**2 + 230 + 218*j**2 + 12*j - 107. What is w(-6)?
15
Suppose 2622*w - 495 = 2667*w. Let i(v) be the second derivative of -v**4/12 - 11*v**3/6 - 3*v**2 + v. What is i(w)?
-6
Suppose 5*u = 8*u - 15. Let y(m) be the first derivative of -m**4/4 + 5*m**3/3 - m**2/2 - 6*m + 134. What is y(u)?
-11
Let u(o) = -4*o - 21. Let w be 1/2 - (-5)/40*-4. Suppose -2*t - 6 = w, v - 6 + 24 = -4*t. Give u(v).
3
Suppose 4*q + 4*j + 24 = 0, 5*j + 12 = -q - 10. Let b(g) = g + 4. Let p be b(-2). Let l(u) = 13 - 11 + 0*u**2 + 3*u + 2*u**2 + 0*u**p. What is l(q)?
4
Let z be (-48)/(-36)*((-66)/(-12) - -8). Let d(v) be the second derivative of -3/2*v**2 + 0 - z*v - 1/3*v**3 - 1/12*v**4. What is d(-4)?
-11
Let d(g) be the third derivative of -7*g**4/24 - 13*g**3 + 1237*g**2. What is d(-12)?
6
Let z be (-1)/(0 + 1) + -8. Let s(r) = -10*r - 13420 - 3*r - 12585 - r**2 + 25996. Calculate s(z).
27
Let q(l) = l + 24. Let s be q(-18). Let o(n) = 5*n + 5*n**2 - 10*n - 8 + 3*n + n**3 - s*n. Determine o(-6).
4
Let r = 217 + -259. Let o(j) = -j**3 - 43*j**2 - 41*j + 19. Calculate o(r).
-23
Let m(r) = 134*r**3 + 3*r**2 + 3*r + 16. Let n(b) = 103*b**3 + 2*b**2 + 2*b + 12. Let i(t) = 10*m(t) - 13*n(t). Give i(-3).
1
Let f(x) = 538*x**2 - 3*x + 1. Let y be f(1). Let c be -10 + y/56 - 146/(-14). Let w(i) = -i - 11. Give w(c).
-21
Suppose -h - 1 = z, -5*h + 5*z + 6 = -19. Let n(j) = -j**h - 4 - 6*j + 6 - 2 + 4 - 5*j. Calculate n(-8).
28
Let u(l) be the third derivative of l**5/60 - l**4/24 - l**3/6 + 56*l**2. Let a(t) = -2*t**2 - 4*t - 2. Let c be a(-1). Give u(c).
-1
Let d(u) = u**2 + 8*u - 4. Let x = -17 + 33. Suppose -37*v - 685 = -722. Let g be v + (x + -3)*-1 - -3. What is d(g)?
5
Let j(b) = b**3 - 22*b**2 + 22*b - 18. Let p be j(21). Let s(t) be the second derivative of -t**2 - 1/12*t**4 + 5/6*t**3 + 0 + 12*t. Give s(p).
4
Let g = -5184 - -5193. Let j(n) be the second derivative of -n**4/24 + 4*n**3/3 + n**2 + n. Let p(c) be the first derivative of j(c). Calculate p(g).
-1
Let n(j) be the first derivative of j**4/4 - 7*j**3/3 - 3*j**2/2 - 4*j - 125325. Let o(g) = g**2 + 3*g + 3. Let m be o(-4). Determine n(m).
-25
Suppose 88*r - 60 = 100*r. Let t(i) be the first derivative of -i**2 + 6*i + 8. What is t(r)?
16
Let l(o) be the second derivative of -o**4/12 - o**3/3 + 13*o**2/2 + 8*o + 51. Calculate l(-11).
-86
Let t be ((-147)/(-42))/(14/8). Let m(d) = -2*d**3 + d**3 + 6*d**t + 2*d + 7 - 14 - 2*d**2. Give m(3).
8
Let i be (-5 - 2 - -6)*-7. Suppose -16*v - 54 = -i*v. Let t(r) = r**2 + 5*r - 8. Calculate t(v).
-2
Let g(z) = -4*z**3 - 28*z**2 + 41*z + 14. Let d(i) = i**3 + 7*i**2 - 10*i - 4. Let h(u) = -15*d(u) - 4*g(u). What is h(-8)?
52
Suppose 0 = -0*a - a - 5. Let u(z) = 2*z. Let c(t) = -103*t + 302*t + 1 - 202*t. Let h(b) = a*u(b) - 3*c(b). Determine h(-9).
6
Let q = -150 - -158. Let i(h) = -1 + 26*h - 15*h - q*h + 0. Suppose -6 = 4*p + 4*m - 18, -2*p + m = 6. Calculate i(p).
-4
Suppose 4*t + 21 = -i + 48, 0 = -3*t - 2*i + 29. Let m(k) = k**3 - 5*k**2 + 9*k + 1. Calculate m(t).
46
Let h(s) = 28*s - 7. Let p(t) = 30*t - 8. Let u(y) = -6*y + 2. Let f be u(1). Let b(v) = f*p(v) + 5*h(v). Calculate b(3).
57
Let b(p) = -p + 6. Suppose -7*d + 3 = -249. Suppose 0 = 4*i - 3*a - d, 2*i + a + a = 4. Determine b(i).
0
Let i be -1*1 - (-6 - -8 - 213). Let o = i - 202. Let x(t) = -t**3 + 7*t**2 + 7*t - 5. What is x(o)?
-13
Let k(l) = -l**2 + 6*l - 6. Suppose -o + 2 = -0. Suppose o*i = -0*i + 6. Let u be (i/(-3)*1)/(8/(-32)). Calculate k(u).
2
Let d(a) = a + 10. Suppose 0 = -5*r + 25, -164*r = -2*c - 169*r + 23. Give d(c).
9
Let s(o) = 5*o + 3. Let n be (-4 - (-2 - -2)) + 8. Let y be (-13 - -9)*22/n. Let r be (0 + -1)*(y + 19). Determine s(r).
18
Let b(m) = 3*m. Suppose 25 = -9*n + 14*n. Let u(a) = 3*a + 0*a + 0*a - 7*a. Let i(w) = n*b(w) + 4*u(w). Calculate i(4).
-4
Let w(v) = 22*v + 29 + 15 + 20 - 15. Let g be w(-2). Let u(p) = -p**2 + 11*p - 2. Let f(d) = d + 1. Let j(k) = 4*f(k) - u(k). Determine j(g).
-4
Suppose g - 6*g + 2371 = 2*t, 3*t - g - 3582 = 0. Let r(k) = -6 + 593*k - t*k + 610*k. Give r(5).
44
Let m(o) = 5*o + 6. Let c be (-6 + (-60)/(-8))/((-2)/(-4)). Determine m(c).
21
Let b(n) = -n**2 - 4*n + 1. Suppose -6*l - 6 = -30. Suppose 3*y + x + 15 = l*x, -2*y + x = 11. Determine b(y).
-11
Let j(n) = 7*n**2 + 3*n - 1. Let f(s) = -7*s**2 - 3*s + 2. Let b(r) = 4*f(r) + 5*j(r). Let g = -327 - -325. What is b(g)?
25
Suppose 121*c + 34 = 123*c. Let m = 16 - 11. Suppose -2*a - 8 = p - 20, -4*p = -m*a + c. Let f(x) = -2*x**2 + 2*x - 1. Give f(p).
-5
Let k(c) be the second derivative of c**3/6 - 43*c**2 - 2*c + 6734. Give k(17).
-69
Let g be -9*198/(-891)*(5 - (-26)/(-4)). Let b(i) = -1 + 2*i + i**2 + i**2 - i**2. Calculate b(g).
2
Suppose 11 + 52 = 4*f - 3*a, 3*f - 3*a - 51 = 0. Suppose -2 = -2*i - f. Let u(j) = 6*j + 52*j**2 + 19*j**2 + j**3 + 5 - 65*j**2. Give u(i).
0
Suppose 11*a - 7*a - 8 = 0. Let x(f) = 0*f**2 - 16 + f**3 + 11 + 4*f**a - 2*f. Give x(-5).
-20
Let t(c) be the second derivative of -7*c**3/6 - 15*c**2 + 4949*c. Give t(-6).
12
Let i(v) be the second derivative of -v**3/2 + 61*v**2 - 102*v - 6. What is i(40)?
2
Let o(m) = -9*m + 16. Let n(r) = 37*r - 70. Let p(s) = 2*n(s) + 9*o(s). Let i be 776/88 - 9 - 70/(-22). Give p(i).
-17
Let r(y) = y**3 - 8*y**2 - 9*y - 3. Suppose -6*q + 3 = -39. Suppose -l = -q + 6, 0 = -o + 2*l + 7. Calculate r(o).
-3
Let c(b) = b**2 - 37*b + 94. Suppose -83*j + 78*j = -2*p + 58, -3*p - j = -104. What is c(p)?
-8
Suppose 8*n - 78 = 26. Let k = n - 14. Let s(m) be the second derivative of 7*m**3/6 + m**2/2 - 16*m. Determine s(k).
-6
Suppose 8*x - 7*x + 155 = 5*j, -4*x + 5*j = 695. Let m be (-181 - x)/(1/(-1*1)). Let q(g) = g. Determine q(m).
1
Let t(d) be the second derivative of 3*d**5/10 - 2*d**3/3 - 5*d**2 + 10*d + 47. Calculate t(-2).
-50
Let i(h) = h**3 + 12*h**2 - h - 14. Suppose 5*n - 4*s + 51 = 0, -5*n + 133 - 193 = 5*s. Determine i(n).
118
Let s(m) = -52*m + 129*m - 65*m + 12 - 2 + 0. What is s(-4)?
-38
Suppose 9*l - 1271 = 295. Let q = l - 175. Let g(x) = -21*x**2 + x. Determine g(q).
-22
Suppose 107*m - 159 = 160*m. Let y(l) be the third derivative of -l**4/8 - l**3/6 - 4*l**2. Determine y(m).
8
Let r(n) = -